{"id":11,"date":"2014-11-28T13:32:53","date_gmt":"2014-11-28T11:32:53","guid":{"rendered":"http:\/\/buendnis-inklusion.de\/?page_id=11"},"modified":"2015-12-04T11:02:20","modified_gmt":"2015-12-04T09:02:20","slug":"willkommen","status":"publish","type":"page","link":"https:\/\/buendnis-inklusion.de\/?page_id=11","title":{"rendered":"Das sind wir"},"content":{"rendered":"<p>Die inklusive Schule ist im Interesse aller Sch\u00fclerInnen ein lohnendes Ziel. Doch an Hamburger Schulen ist sie nicht schon umgesetzt &#8211; sie f\u00e4ngt gerade erst an!<\/p>\n<p>Die Entwicklung und Umsetzung schulischer Inklusion ist die mit Abstand gr\u00f6\u00dfte bildungs\u00adpolitische Aufgabe unserer Zeit. Sie erfordert ein grundlegend ver\u00e4ndertes Verst\u00e4ndnis von Schule und neben einer umfassende Unterrichts- und Schulentwicklung auch ausreichende personelle, r\u00e4umliche und materielle Ressourcen.<\/p>\n<p>Daher hat sich im November 2014 das Hamburger B\u00fcndnis f\u00fcr schulische Inklusion\u00a0 gegr\u00fcndet, um die Inklusion an Schulen wieder ins Gespr\u00e4ch und auf die Agenda der Politik zu bringen.\u00a0In diesem B\u00fcndnis sind zur Zeit deutlich mehr als 20 <a title=\"Beteiligte Organisationen\" href=\"http:\/\/buendnis-inklusion.de\/?page_id=44\">Organisationen<\/a> vertreten.<\/p>\n<p>Das Hamburger B\u00fcndnis f\u00fcr schulische Inklusion ist offen f\u00fcr neue B\u00fcndnispartner, die sich mit den im <a title=\"Memorandum\" href=\"http:\/\/buendnis-inklusion.de\/?page_id=2\">Memorandum<\/a> formulierten Zielen identifizieren k\u00f6nnen.<\/p>\n<p>Bei Interesse<a title=\"Kontakt und Impressum\" href=\"http:\/\/buendnis-inklusion.de\/?page_id=21\"> kontaktieren Sie uns bitte<\/a>.<\/p>\n","protected":false},"excerpt":{"rendered":"<p>Die inklusive Schule ist im Interesse aller Sch\u00fclerInnen ein lohnendes Ziel. Doch an Hamburger Schulen ist sie nicht schon umgesetzt &#8211; sie f\u00e4ngt gerade erst an! Die Entwicklung und Umsetzung schulischer Inklusion ist die mit Abstand gr\u00f6\u00dfte bildungs\u00adpolitische Aufgabe unserer Zeit. Sie erfordert ein grundlegend ver\u00e4ndertes Verst\u00e4ndnis von Schule und neben einer umfassende Unterrichts- und [&hellip;]<\/p>\n","protected":false},"author":1,"featured_media":0,"parent":0,"menu_order":0,"comment_status":"open","ping_status":"open","template":"","meta":{"footnotes":""},"_links":{"self":[{"href":"https:\/\/buendnis-inklusion.de\/index.php?rest_route=\/wp\/v2\/pages\/11"}],"collection":[{"href":"https:\/\/buendnis-inklusion.de\/index.php?rest_route=\/wp\/v2\/pages"}],"about":[{"href":"https:\/\/buendnis-inklusion.de\/index.php?rest_route=\/wp\/v2\/types\/page"}],"author":[{"embeddable":true,"href":"https:\/\/buendnis-inklusion.de\/index.php?rest_route=\/wp\/v2\/users\/1"}],"replies":[{"embeddable":true,"href":"https:\/\/buendnis-inklusion.de\/index.php?rest_route=%2Fwp%2Fv2%2Fcomments&post=11"}],"version-history":[{"count":14,"href":"https:\/\/buendnis-inklusion.de\/index.php?rest_route=\/wp\/v2\/pages\/11\/revisions"}],"predecessor-version":[{"id":388,"href":"https:\/\/buendnis-inklusion.de\/index.php?rest_route=\/wp\/v2\/pages\/11\/revisions\/388"}],"wp:attachment":[{"href":"https:\/\/buendnis-inklusion.de\/index.php?rest_route=%2Fwp%2Fv2%2Fmedia&parent=11"}],"curies":[{"name":"wp","href":"https:\/\/api.w.org\/{rel}","templated":true}]}}

<p>Die inklusive Schule ist im Interesse aller SchülerInnen ein lohnendes Ziel. Doch an Hamburger Schulen ist sie nicht schon umgesetzt &#8211; sie fängt gerade erst an!</p>
<p>Die Entwicklung und Umsetzung schulischer Inklusion ist die mit Abstand größte bildungs­politische Aufgabe unserer Zeit. Sie erfordert ein grundlegend verändertes Verständnis von Schule und neben einer umfassende Unterrichts- und Schulentwicklung auch ausreichende personelle, räumliche und materielle Ressourcen.</p>
<p>Daher hat sich im November 2014 das Hamburger Bündnis für schulische Inklusion  gegründet, um die Inklusion an Schulen wieder ins Gespräch und auf die Agenda der Politik zu bringen. In diesem Bündnis sind zur Zeit deutlich mehr als 20 <a title="Beteiligte Organisationen" href="http://buendnis-inklusion.de/?page_id=44">Organisationen</a> vertreten.</p>
<p>Das Hamburger Bündnis für schulische Inklusion ist offen für neue Bündnispartner, die sich mit den im <a title="Memorandum" href="http://buendnis-inklusion.de/?page_id=2">Memorandum</a> formulierten Zielen identifizieren können.</p>
<p>Bei Interesse<a title="Kontakt und Impressum" href="http://buendnis-inklusion.de/?page_id=21"> kontaktieren Sie uns bitte</a>.</p>

<p>Die inklusive Schule ist im Interesse aller SchülerInnen ein lohnendes Ziel. Doch an Hamburger Schulen ist sie nicht schon umgesetzt &#8211; sie fängt gerade erst an! Die Entwicklung und Umsetzung schulischer Inklusion ist die mit Abstand größte bildungs­politische Aufgabe unserer Zeit. Sie erfordert ein grundlegend verändertes Verständnis von Schule und neben einer umfassende Unterrichts- und [&hellip;]</p>
