{"id":137,"date":"2014-12-21T22:26:45","date_gmt":"2014-12-21T20:26:45","guid":{"rendered":"http:\/\/buendnis-inklusion.de\/?page_id=137"},"modified":"2023-02-14T10:57:33","modified_gmt":"2023-02-14T08:57:33","slug":"termine-aktionen","status":"publish","type":"page","link":"https:\/\/buendnis-inklusion.de\/?page_id=137","title":{"rendered":"Termine und Aktionen"},"content":{"rendered":"<p>Das B\u00fcndnis f\u00fcr schulische Inklusion trifft sich regelm\u00e4\u00dfig alle 4-6 Wochen.<\/p>\n<p>Bisher gab es \u00fcber 30 B\u00fcndnistreffen, auf denen Aktionen und die politische Situation w\u00e4hrend der Wahlen in Hamburg besprochen wurden oder man sich mit unterschiedlichen Themen der schulischen Inklusion in Hamburg auseinandersetzte. So zum Beispiel Fortbildung in der Lehrerausbildung, notwendige Rahmenbedingungen f\u00fcr die Inklusion von H\u00f6rgesch\u00e4digten\/Geh\u00f6rlosen, Inklusion im Ganztag, Unterst\u00fctzung von kompetenz- und entwicklungsorientierten Zeugnisformaten in Hamburger Schulen, F\u00f6rder- versus Statusdiagnostik, die Frage von \u201eSchwerpunktschulen\u201c.<\/p>\n<hr class=\"linie100g\" \/>\n<h5>Geplante Veranstaltungen:<\/h5>\n<p><a href=\"https:\/\/buendnis-inklusion.de\/?p=1115\">n\u00e4chstes Treffen am Dienstag, den 28.2.2023 um 19 Uhr<\/a><\/p>\n<h5><span style=\"text-decoration: underline;\">Bisherige Veranstaltungen:<\/span><\/h5>\n<ul>\n<li><a href=\"https:\/\/buendnis-inklusion.de\/?p=1096\">Fachveranstaltung am 11. Mai 2022<\/a><\/li>\n<li><a href=\"http:\/\/buendnis-inklusion.de\/?p=963\">Fachtagung Inklusion mit dem Schwerpunkt mit dem Schwerpunkt Herausforderndes Verhalten<\/a> im Oktober 2017 mit \u00fcber 600 Teilnehmenden<\/li>\n<li><a href=\"http:\/\/buendnis-inklusion.de\/wp-content\/uploads\/2016\/07\/Flyer_Veranstaltung_Autismus-.pdf\" rel=\"\">Fachtagung Inklusion mit dem Schwerpunkt Autismus<\/a> im Oktober 2016 mit rund 300 Teilnehmenden<\/li>\n<li>\n<p class=\"entry-title\">Fachtagung Inklusion unter der Fragestellung &#8222;<a href=\"http:\/\/buendnis-inklusion.de\/?p=519\" rel=\"bookmark\">Wie k\u00f6nnen Kinder mit dem F\u00f6rderschwerpunkt geistige Entwicklung gemeinsam mit den anderen Sch\u00fclerInnen ihre Potentiale entfalten?<\/a>&#8220; im April 2016 mit rund 170 Teilnehmenden<\/p>\n<\/li>\n<li>\n<p class=\"entry-title\">Zu Ostern 2015 konnten sich\u00a0Ties Rabe (SPD) und Dr. Stefanie von Berg (Gr\u00fcne) \u00fcber zwei Osterk\u00f6rbchen von uns freuen. Hier <a title=\"Wir w\u00fcnschen frohe Ostern!\" href=\"http:\/\/buendnis-inklusion.de\/?p=303\">mehr<\/a>.<\/p>\n<\/li>\n<li><strong>Demonstration\u00a0<\/strong>&#8222;Inklusion braucht mehr \u2013 mehr Personal, mehr R\u00e4ume, mehr Sachmittel&#8220; am 26. Januar 2015 &#8211; Treffpunkt 17 Uhr am Dammtorbahnhof<\/li>\n<\/ul>\n<ul>\n<li><strong>Podiumsdiskussion\u00a0<\/strong>mit Senator Rabe und Dr. von Berg (bildungspolitische Sprecherin der GR\u00dcNEN) am\u00a08. Januar 2015\u00a0am\u00a0Landesinstitutes f\u00fcr Lehrerbildung (LI)<\/li>\n<\/ul>\n<p>Mehr Informationen als Medienecho unter <a title=\"Dokumente und Presse\" href=\"http:\/\/buendnis-inklusion.de\/?page_id=38\">Presse<\/a><\/p>\n","protected":false},"excerpt":{"rendered":"<p>Das B\u00fcndnis f\u00fcr schulische Inklusion trifft sich regelm\u00e4\u00dfig alle 4-6 Wochen. Bisher gab es \u00fcber 30 B\u00fcndnistreffen, auf denen Aktionen und die politische Situation w\u00e4hrend der Wahlen in Hamburg besprochen wurden oder man sich mit unterschiedlichen Themen der schulischen Inklusion in Hamburg auseinandersetzte. So zum Beispiel Fortbildung in der Lehrerausbildung, notwendige Rahmenbedingungen f\u00fcr die Inklusion [&hellip;]<\/p>\n","protected":false},"author":1,"featured_media":0,"parent":0,"menu_order":0,"comment_status":"open","ping_status":"closed","template":"","meta":{"footnotes":""},"_links":{"self":[{"href":"https:\/\/buendnis-inklusion.de\/index.php?rest_route=\/wp\/v2\/pages\/137"}],"collection":[{"href":"https:\/\/buendnis-inklusion.de\/index.php?rest_route=\/wp\/v2\/pages"}],"about":[{"href":"https:\/\/buendnis-inklusion.de\/index.php?rest_route=\/wp\/v2\/types\/page"}],"author":[{"embeddable":true,"href":"https:\/\/buendnis-inklusion.de\/index.php?rest_route=\/wp\/v2\/users\/1"}],"replies":[{"embeddable":true,"href":"https:\/\/buendnis-inklusion.de\/index.php?rest_route=%2Fwp%2Fv2%2Fcomments&post=137"}],"version-history":[{"count":40,"href":"https:\/\/buendnis-inklusion.de\/index.php?rest_route=\/wp\/v2\/pages\/137\/revisions"}],"predecessor-version":[{"id":1118,"href":"https:\/\/buendnis-inklusion.de\/index.php?rest_route=\/wp\/v2\/pages\/137\/revisions\/1118"}],"wp:attachment":[{"href":"https:\/\/buendnis-inklusion.de\/index.php?rest_route=%2Fwp%2Fv2%2Fmedia&parent=137"}],"curies":[{"name":"wp","href":"https:\/\/api.w.org\/{rel}","templated":true}]}}

<p>Das Bündnis für schulische Inklusion trifft sich regelmäßig alle 4-6 Wochen.</p>
<p>Bisher gab es über 30 Bündnistreffen, auf denen Aktionen und die politische Situation während der Wahlen in Hamburg besprochen wurden oder man sich mit unterschiedlichen Themen der schulischen Inklusion in Hamburg auseinandersetzte. So zum Beispiel Fortbildung in der Lehrerausbildung, notwendige Rahmenbedingungen für die Inklusion von Hörgeschädigten/Gehörlosen, Inklusion im Ganztag, Unterstützung von kompetenz- und entwicklungsorientierten Zeugnisformaten in Hamburger Schulen, Förder- versus Statusdiagnostik, die Frage von „Schwerpunktschulen“.</p>
<hr class="linie100g" />
<h5>Geplante Veranstaltungen:</h5>
<p><a href="https://buendnis-inklusion.de/?p=1115">nächstes Treffen am Dienstag, den 28.2.2023 um 19 Uhr</a></p>
<h5><span style="text-decoration: underline;">Bisherige Veranstaltungen:</span></h5>
<ul>
<li><a href="https://buendnis-inklusion.de/?p=1096">Fachveranstaltung am 11. Mai 2022</a></li>
<li><a href="http://buendnis-inklusion.de/?p=963">Fachtagung Inklusion mit dem Schwerpunkt mit dem Schwerpunkt Herausforderndes Verhalten</a> im Oktober 2017 mit über 600 Teilnehmenden</li>
<li><a href="http://buendnis-inklusion.de/wp-content/uploads/2016/07/Flyer_Veranstaltung_Autismus-.pdf" rel="">Fachtagung Inklusion mit dem Schwerpunkt Autismus</a> im Oktober 2016 mit rund 300 Teilnehmenden</li>
<li>
<p class="entry-title">Fachtagung Inklusion unter der Fragestellung &#8222;<a href="http://buendnis-inklusion.de/?p=519" rel="bookmark">Wie können Kinder mit dem Förderschwerpunkt geistige Entwicklung gemeinsam mit den anderen SchülerInnen ihre Potentiale entfalten?</a>&#8220; im April 2016 mit rund 170 Teilnehmenden</p>
</li>
<li>
<p class="entry-title">Zu Ostern 2015 konnten sich Ties Rabe (SPD) und Dr. Stefanie von Berg (Grüne) über zwei Osterkörbchen von uns freuen. Hier <a title="Wir wünschen frohe Ostern!" href="http://buendnis-inklusion.de/?p=303">mehr</a>.</p>
</li>
<li><strong>Demonstration </strong>&#8222;Inklusion braucht mehr – mehr Personal, mehr Räume, mehr Sachmittel&#8220; am 26. Januar 2015 &#8211; Treffpunkt 17 Uhr am Dammtorbahnhof</li>
</ul>
<ul>
<li><strong>Podiumsdiskussion </strong>mit Senator Rabe und Dr. von Berg (bildungspolitische Sprecherin der GRÜNEN) am 8. Januar 2015 am Landesinstitutes für Lehrerbildung (LI)</li>
</ul>
<p>Mehr Informationen als Medienecho unter <a title="Dokumente und Presse" href="http://buendnis-inklusion.de/?page_id=38">Presse</a></p>

<p>Das Bündnis für schulische Inklusion trifft sich regelmäßig alle 4-6 Wochen. Bisher gab es über 30 Bündnistreffen, auf denen Aktionen und die politische Situation während der Wahlen in Hamburg besprochen wurden oder man sich mit unterschiedlichen Themen der schulischen Inklusion in Hamburg auseinandersetzte. So zum Beispiel Fortbildung in der Lehrerausbildung, notwendige Rahmenbedingungen für die Inklusion [&hellip;]</p>
