{"id":461,"date":"2015-12-15T18:02:54","date_gmt":"2015-12-15T16:02:54","guid":{"rendered":"http:\/\/buendnis-inklusion.de\/?page_id=461"},"modified":"2015-12-23T00:32:16","modified_gmt":"2015-12-22T22:32:16","slug":"hoerbehinderte-schuelerinnen-in-hamburg","status":"publish","type":"page","link":"https:\/\/buendnis-inklusion.de\/?page_id=461","title":{"rendered":"H\u00f6rbehinderte Sch\u00fclerInnen in Hamburg"},"content":{"rendered":"<p>Anfang des Jahres hat sich das B\u00fcndnis intensiv damit auseinandergesetzt, welche Rahmenbedingungen notwendig sind, damit schulische Inklusion f\u00fcr \u00a0h\u00f6rbehinderter Sch\u00fclerInnen in Hamburg gelingen kann \u2013 von leichtgradig schwerh\u00f6rig bis geh\u00f6rlos. In der Vorbereitung haben die beiden B\u00fcndnismitglieder &#8211; <a href=\"http:\/\/www.glvhh.de\/\">Geh\u00f6rlosenverband Hamburg<\/a> und <a href=\"http:\/\/elbschul-eltern.de\/\">ElbschulEltern<\/a> &#8211; eng zusammengearbeitet, sich fachlich von weiteren Seiten Input geholt und die verschiedenen Aspekte zusammengetragen. Auf Basis der finalen Version konnte im Juni der <a href=\"http:\/\/www.bds-hh.de\/\">Bund der Schwerh\u00f6rigen Hamburg<\/a> (BdS) als weiteres Mitglied f\u00fcr das B\u00fcndnis gewonnen werden.<\/p>\n<p>Das Positionspapier formuliert neun konkrete Forderungen an die Stadt Hamburg.<\/p>\n<p>In der B\u00fcrgerschaftsitzung am 8. Juli 2015 wurde das Papier zum ersten Mal \u00f6ffentlich zitiert. Auf der Tagesordnung stand die Abstimmung \u00fcber den Antrag von den GR\u00dcNEN und der SPD-Fraktion, die Deutsche Geb\u00e4rdensprache als Wahlpflichtfach in Hamburg einzuf\u00fchren. Mit Ausnahme der CDU stimmten alle Parteien dem Antrag zu. Damit ist der Weg nun frei f\u00fcr eine zentrale Forderung aus dem Positionspapier. Seitdem gab es bereits zwei Sitzungen im Rathaus, um die Umsetzung mit allen Beteiligten auf den Weg zu bringen, u. a. Schulbeh\u00f6rde, interessierten Schulen, Universit\u00e4t Hamburg, B\u00fcndnis f\u00fcr schulische Inklusion.<\/p>\n<p>Zum n\u00e4chsten Schuljahr wird noch eine weitere Forderung erf\u00fcllt: Die Elbschule als Kompetenzzentrum f\u00fcr H\u00f6ren und Kommunikation \u00f6ffnet sich f\u00fcr h\u00f6rende Sch\u00fclerInnen und holt damit die Inklusion \u201eumgekehrt\u201c ins Haus. Im Sommer 2016 startet die erste inklusive Klasse mit Jahrgang 5. Dort lernen dann 14 Sch\u00fclerInnen mit und ohne H\u00f6rsch\u00e4digung gemeinsam. Dabei gelten die gleichen Bildungspl\u00e4ne wie an anderen Hamburger Stadtteilschulen bis Jahrgang 10 und k\u00f6nnen\u00a0dieselben Schulabschl\u00fcsse gemacht werden. Ausf\u00fchrliche Informationen \u00fcber das Modell, das sich bereits im In- und Ausland erfolgreich bew\u00e4hrt hat, sind auf der Homepage der <a href=\"http:\/\/elbschule.hamburg.de\/?p=741\">Elbschule<\/a> zu finden.<\/p>\n<p>Im Fokus der ElbschulEltern steht die Situation der h\u00f6rbehinderten Sch\u00fclerInnen, die inklusiv beschult werden (ca. 280 Sch\u00fclerInnen an 100 Schulen). Von ihnen werden 90 seit Anfang des Schuljahres 2014\/15 aufgrund fehlender Ressourcen nicht mehr ambulant von der Elbschule betreut. Diese Betreuung ist f\u00fcr h\u00f6rbehinderte Kinder jedoch ein wesentlicher Baustein f\u00fcr die erfolgreiche Teilhabe \u00a0an der schulischen Inklusion &#8211; bringt sie doch das spezifische Wissen \u00fcber H\u00f6rbehinderung in die Schulen. Entsprechend fordert das B\u00fcndnis eine j\u00e4hrliche Anpassung der Ressourcen entsprechend den realen Sch\u00fclerzahlen.<\/p>\n<p>Auch bei diesem Thema konnte ein Etappensieg erreicht werden: Die Schulbeh\u00f6rde hat zum 1. Februar 2016 der Elbschule eine neue Lehrerstelle f\u00fcr die ambulante Betreuung zugewiesen. Hier\u00fcber freuen wir uns sehr und sehen in dieser Zuweisung einen ersten wichtigen Schritt, eine L\u00f6sung f\u00fcr die j\u00e4hrliche Anpassung auf den Weg zu bringen.<\/p>\n<p>In 2015 konnten wir wichtige Impulse setzen und erste politische Erfolge feiern. Das motiviert uns sehr und wir werden die Interessen der h\u00f6rbehinderten Sch\u00fclerInnen weiterhin mit viel Engagement verfolgen.<\/p>\n<p>Hier geht es zum Positionspapier <a href=\"http:\/\/buendnis-inklusion.de\/wp-content\/uploads\/2015\/12\/Positionspapier_hSuS_Hamburg_Juni2015_final.pdf\">Positionspapier H\u00f6rbehinderte Sch\u00fclerInnen in Hamburg<\/a>\u00a0(als PDF).<\/p>\n<p>Hamburg im Dezember 2015<\/p>\n","protected":false},"excerpt":{"rendered":"<p>Anfang des Jahres hat sich das B\u00fcndnis intensiv damit auseinandergesetzt, welche Rahmenbedingungen notwendig sind, damit schulische Inklusion f\u00fcr \u00a0h\u00f6rbehinderter Sch\u00fclerInnen in Hamburg gelingen kann \u2013 von leichtgradig schwerh\u00f6rig bis geh\u00f6rlos. In der Vorbereitung haben die beiden B\u00fcndnismitglieder &#8211; Geh\u00f6rlosenverband Hamburg und ElbschulEltern &#8211; eng zusammengearbeitet, sich fachlich von weiteren Seiten Input geholt und die verschiedenen [&hellip;]<\/p>\n","protected":false},"author":1,"featured_media":0,"parent":406,"menu_order":0,"comment_status":"closed","ping_status":"closed","template":"","meta":{"footnotes":""},"_links":{"self":[{"href":"https:\/\/buendnis-inklusion.de\/index.php?rest_route=\/wp\/v2\/pages\/461"}],"collection":[{"href":"https:\/\/buendnis-inklusion.de\/index.php?rest_route=\/wp\/v2\/pages"}],"about":[{"href":"https:\/\/buendnis-inklusion.de\/index.php?rest_route=\/wp\/v2\/types\/page"}],"author":[{"embeddable":true,"href":"https:\/\/buendnis-inklusion.de\/index.php?rest_route=\/wp\/v2\/users\/1"}],"replies":[{"embeddable":true,"href":"https:\/\/buendnis-inklusion.de\/index.php?rest_route=%2Fwp%2Fv2%2Fcomments&post=461"}],"version-history":[{"count":4,"href":"https:\/\/buendnis-inklusion.de\/index.php?rest_route=\/wp\/v2\/pages\/461\/revisions"}],"predecessor-version":[{"id":471,"href":"https:\/\/buendnis-inklusion.de\/index.php?rest_route=\/wp\/v2\/pages\/461\/revisions\/471"}],"up":[{"embeddable":true,"href":"https:\/\/buendnis-inklusion.de\/index.php?rest_route=\/wp\/v2\/pages\/406"}],"wp:attachment":[{"href":"https:\/\/buendnis-inklusion.de\/index.php?rest_route=%2Fwp%2Fv2%2Fmedia&parent=461"}],"curies":[{"name":"wp","href":"https:\/\/api.w.org\/{rel}","templated":true}]}}

Hörbehinderte SchülerInnen in Hamburg

<p>Anfang des Jahres hat sich das Bündnis intensiv damit auseinandergesetzt, welche Rahmenbedingungen notwendig sind, damit schulische Inklusion für  hörbehinderter SchülerInnen in Hamburg gelingen kann – von leichtgradig schwerhörig bis gehörlos. In der Vorbereitung haben die beiden Bündnismitglieder &#8211; <a href="http://www.glvhh.de/">Gehörlosenverband Hamburg</a> und <a href="http://elbschul-eltern.de/">ElbschulEltern</a> &#8211; eng zusammengearbeitet, sich fachlich von weiteren Seiten Input geholt und die verschiedenen Aspekte zusammengetragen. Auf Basis der finalen Version konnte im Juni der <a href="http://www.bds-hh.de/">Bund der Schwerhörigen Hamburg</a> (BdS) als weiteres Mitglied für das Bündnis gewonnen werden.</p>
<p>Das Positionspapier formuliert neun konkrete Forderungen an die Stadt Hamburg.</p>
<p>In der Bürgerschaftsitzung am 8. Juli 2015 wurde das Papier zum ersten Mal öffentlich zitiert. Auf der Tagesordnung stand die Abstimmung über den Antrag von den GRÜNEN und der SPD-Fraktion, die Deutsche Gebärdensprache als Wahlpflichtfach in Hamburg einzuführen. Mit Ausnahme der CDU stimmten alle Parteien dem Antrag zu. Damit ist der Weg nun frei für eine zentrale Forderung aus dem Positionspapier. Seitdem gab es bereits zwei Sitzungen im Rathaus, um die Umsetzung mit allen Beteiligten auf den Weg zu bringen, u. a. Schulbehörde, interessierten Schulen, Universität Hamburg, Bündnis für schulische Inklusion.</p>
<p>Zum nächsten Schuljahr wird noch eine weitere Forderung erfüllt: Die Elbschule als Kompetenzzentrum für Hören und Kommunikation öffnet sich für hörende SchülerInnen und holt damit die Inklusion „umgekehrt“ ins Haus. Im Sommer 2016 startet die erste inklusive Klasse mit Jahrgang 5. Dort lernen dann 14 SchülerInnen mit und ohne Hörschädigung gemeinsam. Dabei gelten die gleichen Bildungspläne wie an anderen Hamburger Stadtteilschulen bis Jahrgang 10 und können dieselben Schulabschlüsse gemacht werden. Ausführliche Informationen über das Modell, das sich bereits im In- und Ausland erfolgreich bewährt hat, sind auf der Homepage der <a href="http://elbschule.hamburg.de/?p=741">Elbschule</a> zu finden.</p>
<p>Im Fokus der ElbschulEltern steht die Situation der hörbehinderten SchülerInnen, die inklusiv beschult werden (ca. 280 SchülerInnen an 100 Schulen). Von ihnen werden 90 seit Anfang des Schuljahres 2014/15 aufgrund fehlender Ressourcen nicht mehr ambulant von der Elbschule betreut. Diese Betreuung ist für hörbehinderte Kinder jedoch ein wesentlicher Baustein für die erfolgreiche Teilhabe  an der schulischen Inklusion &#8211; bringt sie doch das spezifische Wissen über Hörbehinderung in die Schulen. Entsprechend fordert das Bündnis eine jährliche Anpassung der Ressourcen entsprechend den realen Schülerzahlen.</p>
<p>Auch bei diesem Thema konnte ein Etappensieg erreicht werden: Die Schulbehörde hat zum 1. Februar 2016 der Elbschule eine neue Lehrerstelle für die ambulante Betreuung zugewiesen. Hierüber freuen wir uns sehr und sehen in dieser Zuweisung einen ersten wichtigen Schritt, eine Lösung für die jährliche Anpassung auf den Weg zu bringen.</p>
<p>In 2015 konnten wir wichtige Impulse setzen und erste politische Erfolge feiern. Das motiviert uns sehr und wir werden die Interessen der hörbehinderten SchülerInnen weiterhin mit viel Engagement verfolgen.</p>
<p>Hier geht es zum Positionspapier <a href="http://buendnis-inklusion.de/wp-content/uploads/2015/12/Positionspapier_hSuS_Hamburg_Juni2015_final.pdf">Positionspapier Hörbehinderte SchülerInnen in Hamburg</a> (als PDF).</p>
<p>Hamburg im Dezember 2015</p>

<p>Anfang des Jahres hat sich das Bündnis intensiv damit auseinandergesetzt, welche Rahmenbedingungen notwendig sind, damit schulische Inklusion für  hörbehinderter SchülerInnen in Hamburg gelingen kann – von leichtgradig schwerhörig bis gehörlos. In der Vorbereitung haben die beiden Bündnismitglieder &#8211; Gehörlosenverband Hamburg und ElbschulEltern &#8211; eng zusammengearbeitet, sich fachlich von weiteren Seiten Input geholt und die verschiedenen [&hellip;]</p>
